{"id":1775,"date":"2024-01-18T17:44:31","date_gmt":"2024-01-18T16:44:31","guid":{"rendered":"https:\/\/www.pedroarnay.com\/?post_type=galeria&#038;p=1775"},"modified":"2024-01-18T17:53:41","modified_gmt":"2024-01-18T16:53:41","slug":"portraits-2","status":"publish","type":"galeria","link":"https:\/\/www.pedroarnay.com\/en\/galeria\/retratos-2\/","title":{"rendered":"Staff"},"content":{"rendered":"<div data-elementor-type=\"wp-post\" data-elementor-id=\"1775\" class=\"elementor elementor-1775\" data-elementor-post-type=\"galeria\">\n\t\t\t\t\t\t<section class=\"elementor-section elementor-top-section elementor-element elementor-element-2171b1a4 elementor-section-full_width elementor-section-height-default elementor-section-height-default\" data-id=\"2171b1a4\" data-element_type=\"section\" data-e-type=\"section\">\n\t\t\t\t\t\t<div class=\"elementor-container elementor-column-gap-default\">\n\t\t\t\t\t<div class=\"elementor-column elementor-col-100 elementor-top-column elementor-element elementor-element-6c1c046c\" data-id=\"6c1c046c\" data-element_type=\"column\" data-e-type=\"column\">\n\t\t\t<div class=\"elementor-widget-wrap elementor-element-populated\">\n\t\t\t\t\t\t\t<\/div>\n\t\t<\/div>\n\t\t\t\t\t<\/div>\n\t\t<\/section>\n\t\t\t\t<\/div>","protected":false},"featured_media":1780,"parent":0,"template":"elementor_theme","meta":{"_acf_changed":false,"site-sidebar-layout":"default","site-content-layout":"page-builder","ast-site-content-layout":"default","site-content-style":"default","site-sidebar-style":"default","ast-global-header-display":"","ast-banner-title-visibility":"","ast-main-header-display":"","ast-hfb-above-header-display":"","ast-hfb-below-header-display":"","ast-hfb-mobile-header-display":"","site-post-title":"disabled","ast-breadcrumbs-content":"","ast-featured-img":"disabled","footer-sml-layout":"","ast-disable-related-posts":"","theme-transparent-header-meta":"default","adv-header-id-meta":"","stick-header-meta":"default","header-above-stick-meta":"","header-main-stick-meta":"","header-below-stick-meta":"","astra-migrate-meta-layouts":"set","ast-page-background-enabled":"default","ast-page-background-meta":{"desktop":{"background-color":"var(--ast-global-color-4)","background-image":"","background-repeat":"repeat","background-position":"center center","background-size":"auto","background-attachment":"scroll","background-type":"","background-media":"","overlay-type":"","overlay-color":"","overlay-opacity":"","overlay-gradient":""},"tablet":{"background-color":"","background-image":"","background-repeat":"repeat","background-position":"center center","background-size":"auto","background-attachment":"scroll","background-type":"","background-media":"","overlay-type":"","overlay-color":"","overlay-opacity":"","overlay-gradient":""},"mobile":{"background-color":"","background-image":"","background-repeat":"repeat","background-position":"center center","background-size":"auto","background-attachment":"scroll","background-type":"","background-media":"","overlay-type":"","overlay-color":"","overlay-opacity":"","overlay-gradient":""}},"ast-content-background-meta":{"desktop":{"background-color":"var(--ast-global-color-5)","background-image":"","background-repeat":"repeat","background-position":"center center","background-size":"auto","background-attachment":"scroll","background-type":"","background-media":"","overlay-type":"","overlay-color":"","overlay-opacity":"","overlay-gradient":""},"tablet":{"background-color":"var(--ast-global-color-5)","background-image":"","background-repeat":"repeat","background-position":"center center","background-size":"auto","background-attachment":"scroll","background-type":"","background-media":"","overlay-type":"","overlay-color":"","overlay-opacity":"","overlay-gradient":""},"mobile":{"background-color":"var(--ast-global-color-5)","background-image":"","background-repeat":"repeat","background-position":"center center","background-size":"auto","background-attachment":"scroll","background-type":"","background-media":"","overlay-type":"","overlay-color":"","overlay-opacity":"","overlay-gradient":""}}},"class_list":["post-1775","galeria","type-galeria","status-publish","has-post-thumbnail","hentry"],"acf":[],"yoast_head":"<!-- This site is optimized with the Yoast SEO plugin v27.4 - https:\/\/yoast.com\/product\/yoast-seo-wordpress\/ -->\n<title>Personal - Pedro Arnay<\/title>\n<meta name=\"description\" content=\"Galer\u00eda: Personal . Fotograf\u00eda por Pedro Arnay.\" \/>\n<meta name=\"robots\" content=\"index, follow, max-snippet:-1, max-image-preview:large, max-video-preview:-1\" \/>\n<link rel=\"canonical\" href=\"https:\/\/www.pedroarnay.com\/en\/gallery\/portraits-2\/\" \/>\n<meta property=\"og:locale\" content=\"en_US\" \/>\n<meta property=\"og:type\" content=\"article\" \/>\n<meta property=\"og:title\" content=\"Personal - Pedro Arnay\" \/>\n<meta property=\"og:description\" content=\"Galer\u00eda: Personal . Fotograf\u00eda por Pedro Arnay.\" \/>\n<meta property=\"og:url\" content=\"https:\/\/www.pedroarnay.com\/en\/gallery\/portraits-2\/\" \/>\n<meta property=\"og:site_name\" content=\"Pedro Arnay\" \/>\n<meta property=\"article:modified_time\" content=\"2024-01-18T16:53:41+00:00\" \/>\n<meta property=\"og:image\" content=\"https:\/\/www.pedroarnay.com\/wp-content\/uploads\/2024\/01\/DSC-0006-1.jpg\" \/>\n\t<meta property=\"og:image:width\" content=\"850\" \/>\n\t<meta property=\"og:image:height\" content=\"1134\" \/>\n\t<meta property=\"og:image:type\" content=\"image\/jpeg\" \/>\n<meta name=\"twitter:card\" content=\"summary_large_image\" \/>\n<script type=\"application\/ld+json\" class=\"yoast-schema-graph\">{\"@context\":\"https:\\\/\\\/schema.org\",\"@graph\":[{\"@type\":\"WebPage\",\"@id\":\"https:\\\/\\\/www.pedroarnay.com\\\/galeria\\\/retratos-2\\\/\",\"url\":\"https:\\\/\\\/www.pedroarnay.com\\\/galeria\\\/retratos-2\\\/\",\"name\":\"Personal - Pedro Arnay\",\"isPartOf\":{\"@id\":\"https:\\\/\\\/www.pedroarnay.com\\\/#website\"},\"primaryImageOfPage\":{\"@id\":\"https:\\\/\\\/www.pedroarnay.com\\\/galeria\\\/retratos-2\\\/#primaryimage\"},\"image\":{\"@id\":\"https:\\\/\\\/www.pedroarnay.com\\\/galeria\\\/retratos-2\\\/#primaryimage\"},\"thumbnailUrl\":\"https:\\\/\\\/www.pedroarnay.com\\\/wp-content\\\/uploads\\\/2024\\\/01\\\/DSC-0006-1.jpg\",\"datePublished\":\"2024-01-18T16:44:31+00:00\",\"dateModified\":\"2024-01-18T16:53:41+00:00\",\"description\":\"Galer\u00eda: Personal . Fotograf\u00eda por Pedro Arnay.\",\"breadcrumb\":{\"@id\":\"https:\\\/\\\/www.pedroarnay.com\\\/galeria\\\/retratos-2\\\/#breadcrumb\"},\"inLanguage\":\"en-US\",\"potentialAction\":[{\"@type\":\"ReadAction\",\"target\":[\"https:\\\/\\\/www.pedroarnay.com\\\/galeria\\\/retratos-2\\\/\"]}]},{\"@type\":\"ImageObject\",\"inLanguage\":\"en-US\",\"@id\":\"https:\\\/\\\/www.pedroarnay.com\\\/galeria\\\/retratos-2\\\/#primaryimage\",\"url\":\"https:\\\/\\\/www.pedroarnay.com\\\/wp-content\\\/uploads\\\/2024\\\/01\\\/DSC-0006-1.jpg\",\"contentUrl\":\"https:\\\/\\\/www.pedroarnay.com\\\/wp-content\\\/uploads\\\/2024\\\/01\\\/DSC-0006-1.jpg\",\"width\":850,\"height\":1134,\"caption\":\"DSC 0006 1\"},{\"@type\":\"BreadcrumbList\",\"@id\":\"https:\\\/\\\/www.pedroarnay.com\\\/galeria\\\/retratos-2\\\/#breadcrumb\",\"itemListElement\":[{\"@type\":\"ListItem\",\"position\":1,\"name\":\"Inicio\",\"item\":\"https:\\\/\\\/www.pedroarnay.com\\\/\"},{\"@type\":\"ListItem\",\"position\":2,\"name\":\"Personal\"}]},{\"@type\":\"WebSite\",\"@id\":\"https:\\\/\\\/www.pedroarnay.com\\\/#website\",\"url\":\"https:\\\/\\\/www.pedroarnay.com\\\/\",\"name\":\"Pedro Arnay\",\"description\":\"Fot\u00f3grafo freelance especializado en artes esc\u00e9nicas, retrato, fotograf\u00eda editorial y corporativa.\",\"publisher\":{\"@id\":\"https:\\\/\\\/www.pedroarnay.com\\\/#organization\"},\"potentialAction\":[{\"@type\":\"SearchAction\",\"target\":{\"@type\":\"EntryPoint\",\"urlTemplate\":\"https:\\\/\\\/www.pedroarnay.com\\\/?s={search_term_string}\"},\"query-input\":{\"@type\":\"PropertyValueSpecification\",\"valueRequired\":true,\"valueName\":\"search_term_string\"}}],\"inLanguage\":\"en-US\"},{\"@type\":\"Organization\",\"@id\":\"https:\\\/\\\/www.pedroarnay.com\\\/#organization\",\"name\":\"Pedro Arnay\",\"url\":\"https:\\\/\\\/www.pedroarnay.com\\\/\",\"logo\":{\"@type\":\"ImageObject\",\"inLanguage\":\"en-US\",\"@id\":\"https:\\\/\\\/www.pedroarnay.com\\\/#\\\/schema\\\/logo\\\/image\\\/\",\"url\":\"https:\\\/\\\/www.pedroarnay.com\\\/wp-content\\\/uploads\\\/2023\\\/12\\\/Pedro-Arnay-logo.png\",\"contentUrl\":\"https:\\\/\\\/www.pedroarnay.com\\\/wp-content\\\/uploads\\\/2023\\\/12\\\/Pedro-Arnay-logo.png\",\"width\":600,\"height\":600,\"caption\":\"Pedro Arnay\"},\"image\":{\"@id\":\"https:\\\/\\\/www.pedroarnay.com\\\/#\\\/schema\\\/logo\\\/image\\\/\"}}]}<\/script>\n<!-- \/ Yoast SEO plugin. -->","yoast_head_json":{"title":"Staff - Pedro Arnay","description":"Gallery: Personal. Photography by Pedro Arnay.","robots":{"index":"index","follow":"follow","max-snippet":"max-snippet:-1","max-image-preview":"max-image-preview:large","max-video-preview":"max-video-preview:-1"},"canonical":"https:\/\/www.pedroarnay.com\/en\/gallery\/portraits-2\/","og_locale":"en_US","og_type":"article","og_title":"Personal - Pedro Arnay","og_description":"Galer\u00eda: Personal . Fotograf\u00eda por Pedro Arnay.","og_url":"https:\/\/www.pedroarnay.com\/en\/gallery\/portraits-2\/","og_site_name":"Pedro Arnay","article_modified_time":"2024-01-18T16:53:41+00:00","og_image":[{"width":850,"height":1134,"url":"https:\/\/www.pedroarnay.com\/wp-content\/uploads\/2024\/01\/DSC-0006-1.jpg","type":"image\/jpeg"}],"twitter_card":"summary_large_image","schema":{"@context":"https:\/\/schema.org","@graph":[{"@type":"WebPage","@id":"https:\/\/www.pedroarnay.com\/galeria\/retratos-2\/","url":"https:\/\/www.pedroarnay.com\/galeria\/retratos-2\/","name":"Staff - Pedro Arnay","isPartOf":{"@id":"https:\/\/www.pedroarnay.com\/#website"},"primaryImageOfPage":{"@id":"https:\/\/www.pedroarnay.com\/galeria\/retratos-2\/#primaryimage"},"image":{"@id":"https:\/\/www.pedroarnay.com\/galeria\/retratos-2\/#primaryimage"},"thumbnailUrl":"https:\/\/www.pedroarnay.com\/wp-content\/uploads\/2024\/01\/DSC-0006-1.jpg","datePublished":"2024-01-18T16:44:31+00:00","dateModified":"2024-01-18T16:53:41+00:00","description":"Gallery: Personal. Photography by Pedro Arnay.","breadcrumb":{"@id":"https:\/\/www.pedroarnay.com\/galeria\/retratos-2\/#breadcrumb"},"inLanguage":"en-US","potentialAction":[{"@type":"ReadAction","target":["https:\/\/www.pedroarnay.com\/galeria\/retratos-2\/"]}]},{"@type":"ImageObject","inLanguage":"en-US","@id":"https:\/\/www.pedroarnay.com\/galeria\/retratos-2\/#primaryimage","url":"https:\/\/www.pedroarnay.com\/wp-content\/uploads\/2024\/01\/DSC-0006-1.jpg","contentUrl":"https:\/\/www.pedroarnay.com\/wp-content\/uploads\/2024\/01\/DSC-0006-1.jpg","width":850,"height":1134,"caption":"DSC 0006 1"},{"@type":"BreadcrumbList","@id":"https:\/\/www.pedroarnay.com\/galeria\/retratos-2\/#breadcrumb","itemListElement":[{"@type":"ListItem","position":1,"name":"Inicio","item":"https:\/\/www.pedroarnay.com\/"},{"@type":"ListItem","position":2,"name":"Personal"}]},{"@type":"WebSite","@id":"https:\/\/www.pedroarnay.com\/#website","url":"https:\/\/www.pedroarnay.com\/","name":"Pedro Arnay","description":"Freelance photographer specialized in performing arts, portraiture, editorial and corporate photography.","publisher":{"@id":"https:\/\/www.pedroarnay.com\/#organization"},"potentialAction":[{"@type":"SearchAction","target":{"@type":"EntryPoint","urlTemplate":"https:\/\/www.pedroarnay.com\/?s={search_term_string}"},"query-input":{"@type":"PropertyValueSpecification","valueRequired":true,"valueName":"search_term_string"}}],"inLanguage":"en-US"},{"@type":"Organization","@id":"https:\/\/www.pedroarnay.com\/#organization","name":"Pedro Arnay","url":"https:\/\/www.pedroarnay.com\/","logo":{"@type":"ImageObject","inLanguage":"en-US","@id":"https:\/\/www.pedroarnay.com\/#\/schema\/logo\/image\/","url":"https:\/\/www.pedroarnay.com\/wp-content\/uploads\/2023\/12\/Pedro-Arnay-logo.png","contentUrl":"https:\/\/www.pedroarnay.com\/wp-content\/uploads\/2023\/12\/Pedro-Arnay-logo.png","width":600,"height":600,"caption":"Pedro Arnay"},"image":{"@id":"https:\/\/www.pedroarnay.com\/#\/schema\/logo\/image\/"}}]}},"_links":{"self":[{"href":"https:\/\/www.pedroarnay.com\/en\/wp-json\/wp\/v2\/galeria\/1775","targetHints":{"allow":["GET"]}}],"collection":[{"href":"https:\/\/www.pedroarnay.com\/en\/wp-json\/wp\/v2\/galeria"}],"about":[{"href":"https:\/\/www.pedroarnay.com\/en\/wp-json\/wp\/v2\/types\/galeria"}],"version-history":[{"count":5,"href":"https:\/\/www.pedroarnay.com\/en\/wp-json\/wp\/v2\/galeria\/1775\/revisions"}],"predecessor-version":[{"id":1781,"href":"https:\/\/www.pedroarnay.com\/en\/wp-json\/wp\/v2\/galeria\/1775\/revisions\/1781"}],"wp:featuredmedia":[{"embeddable":true,"href":"https:\/\/www.pedroarnay.com\/en\/wp-json\/wp\/v2\/media\/1780"}],"wp:attachment":[{"href":"https:\/\/www.pedroarnay.com\/en\/wp-json\/wp\/v2\/media?parent=1775"}],"curies":[{"name":"wp","href":"https:\/\/api.w.org\/{rel}","templated":true}]}}

<!-- This site is optimized with the Yoast SEO plugin v27.4 - https://yoast.com/product/yoast-seo-wordpress/ -->
<title>Personal - Pedro Arnay</title>
<meta name="description" content="Galería: Personal . Fotografía por Pedro Arnay." />
<meta name="robots" content="index, follow, max-snippet:-1, max-image-preview:large, max-video-preview:-1" />
<link rel="canonical" href="https://www.pedroarnay.com/en/gallery/portraits-2/" />
<meta property="og:locale" content="en_US" />
<meta property="og:type" content="article" />
<meta property="og:title" content="Personal - Pedro Arnay" />
<meta property="og:description" content="Galería: Personal . Fotografía por Pedro Arnay." />
<meta property="og:url" content="https://www.pedroarnay.com/en/gallery/portraits-2/" />
<meta property="og:site_name" content="Pedro Arnay" />
<meta property="article:modified_time" content="2024-01-18T16:53:41+00:00" />
<meta property="og:image" content="https://www.pedroarnay.com/wp-content/uploads/2024/01/DSC-0006-1.jpg" />
	<meta property="og:image:width" content="850" />
	<meta property="og:image:height" content="1134" />
	<meta property="og:image:type" content="image/jpeg" />
<meta name="twitter:card" content="summary_large_image" />
<script type="application/ld+json" class="yoast-schema-graph">{"@context":"https:\/\/schema.org","@graph":[{"@type":"WebPage","@id":"https:\/\/www.pedroarnay.com\/galeria\/retratos-2\/","url":"https:\/\/www.pedroarnay.com\/galeria\/retratos-2\/","name":"Personal - Pedro Arnay","isPartOf":{"@id":"https:\/\/www.pedroarnay.com\/#website"},"primaryImageOfPage":{"@id":"https:\/\/www.pedroarnay.com\/galeria\/retratos-2\/#primaryimage"},"image":{"@id":"https:\/\/www.pedroarnay.com\/galeria\/retratos-2\/#primaryimage"},"thumbnailUrl":"https:\/\/www.pedroarnay.com\/wp-content\/uploads\/2024\/01\/DSC-0006-1.jpg","datePublished":"2024-01-18T16:44:31+00:00","dateModified":"2024-01-18T16:53:41+00:00","description":"Galería: Personal . Fotografía por Pedro Arnay.","breadcrumb":{"@id":"https:\/\/www.pedroarnay.com\/galeria\/retratos-2\/#breadcrumb"},"inLanguage":"en-US","potentialAction":[{"@type":"ReadAction","target":["https:\/\/www.pedroarnay.com\/galeria\/retratos-2\/"]}]},{"@type":"ImageObject","inLanguage":"en-US","@id":"https:\/\/www.pedroarnay.com\/galeria\/retratos-2\/#primaryimage","url":"https:\/\/www.pedroarnay.com\/wp-content\/uploads\/2024\/01\/DSC-0006-1.jpg","contentUrl":"https:\/\/www.pedroarnay.com\/wp-content\/uploads\/2024\/01\/DSC-0006-1.jpg","width":850,"height":1134,"caption":"DSC 0006 1"},{"@type":"BreadcrumbList","@id":"https:\/\/www.pedroarnay.com\/galeria\/retratos-2\/#breadcrumb","itemListElement":[{"@type":"ListItem","position":1,"name":"Inicio","item":"https:\/\/www.pedroarnay.com\/"},{"@type":"ListItem","position":2,"name":"Personal"}]},{"@type":"WebSite","@id":"https:\/\/www.pedroarnay.com\/#website","url":"https:\/\/www.pedroarnay.com\/","name":"Pedro Arnay","description":"Fotógrafo freelance especializado en artes escénicas, retrato, fotografía editorial y corporativa.","publisher":{"@id":"https:\/\/www.pedroarnay.com\/#organization"},"potentialAction":[{"@type":"SearchAction","target":{"@type":"EntryPoint","urlTemplate":"https:\/\/www.pedroarnay.com\/?s={search_term_string}"},"query-input":{"@type":"PropertyValueSpecification","valueRequired":true,"valueName":"search_term_string"}}],"inLanguage":"en-US"},{"@type":"Organization","@id":"https:\/\/www.pedroarnay.com\/#organization","name":"Pedro Arnay","url":"https:\/\/www.pedroarnay.com\/","logo":{"@type":"ImageObject","inLanguage":"en-US","@id":"https:\/\/www.pedroarnay.com\/#\/schema\/logo\/image\/","url":"https:\/\/www.pedroarnay.com\/wp-content\/uploads\/2023\/12\/Pedro-Arnay-logo.png","contentUrl":"https:\/\/www.pedroarnay.com\/wp-content\/uploads\/2023\/12\/Pedro-Arnay-logo.png","width":600,"height":600,"caption":"Pedro Arnay"},"image":{"@id":"https:\/\/www.pedroarnay.com\/#\/schema\/logo\/image\/"}}]}</script>
<!-- / Yoast SEO plugin. -->

Galería: Personal . Fotografía por Pedro Arnay.
